{"id":10,"date":"2025-10-09T08:15:25","date_gmt":"2025-10-09T08:15:25","guid":{"rendered":"https:\/\/avogtil.no\/lokalt\/?page_id=10"},"modified":"2025-10-30T10:21:26","modified_gmt":"2025-10-30T09:21:26","slug":"vi-jobber-for-godt-alkovett-i-situasjoner-der-alkohol-utgjor-en-risiko-eller-kan-vaere-til-ulempe-for-en-selv-og-andre","status":"publish","type":"page","link":"https:\/\/avogtil.no\/lokalt\/vi-jobber-for-godt-alkovett-i-situasjoner-der-alkohol-utgjor-en-risiko-eller-kan-vaere-til-ulempe-for-en-selv-og-andre\/","title":{"rendered":"Vi jobber for godt\u00a0alkovett\u00a0i situasjoner der alkohol utgj\u00f8r en risiko, eller kan v\u00e6re til ulempe for en selv og andre."},"content":{"rendered":"\t\n\n<div class=\"wp-block-columns alignwide are-vertically-aligned-center navigation-header is-layout-flex wp-container-core-columns-is-layout-28f84493 wp-block-columns-is-layout-flex\">\n\t\n\t<div class=\"wp-block-column is-vertically-aligned-center is-layout-flow wp-block-column-is-layout-flow\">\n\t\t<div class=\"yoast-breadcrumbs\"><span><span><a href=\"https:\/\/avogtil.no\/lokalt\/\">Hjem<\/a><\/span><\/span><\/div>\n\t<\/div>\n\t\n\t\n\t<div class=\"wp-block-column is-vertically-aligned-center is-layout-flow wp-block-column-is-layout-flow\">\n\t\t\n\t\t<div class=\"wp-block-group is-content-justification-right is-nowrap is-layout-flex wp-container-core-group-is-layout-17124a9a wp-block-group-is-layout-flex\">\n\t\t\t<div data-block-name=\"woocommerce\/customer-account\" data-icon-class=\"wc-block-customer-account__account-icon\" data-icon-style=\"line\" class='wp-block-woocommerce-customer-account ' style=''>\n\t\t\t<a  href='https:\/\/avogtil.no\/lokalt\/min-side\/'>\n\t\t\t\t<svg class=\"wc-block-customer-account__account-icon\" viewBox=\"1 1 29 29\" xmlns=\"http:\/\/www.w3.org\/2000\/svg\">\n\t\t\t\t<circle cx=\"16\" cy=\"10.5\" r=\"3.5\" stroke=\"currentColor\" stroke-width=\"2\" fill=\"none\" \/>\n\t\t\t\t<path fill-rule=\"evenodd\" clip-rule=\"evenodd\" d=\"M11.5 18.5H20.5C21.8807 18.5 23 19.6193 23 21V25.5H25V21C25 18.5147 22.9853 16.5 20.5 16.5H11.5C9.01472 16.5 7 18.5147 7 21V25.5H9V21C9 19.6193 10.1193 18.5 11.5 18.5Z\" fill=\"currentColor\" \/>\n\t\t\t<\/svg><span class=\"label\">Logg inn<\/span>\n\t\t\t<\/a>\n\t\t<\/div>\n\t\t\t<div data-block-name=\"woocommerce\/cart-link\" data-cart-icon=\"bag\" class=\"wp-block-woocommerce-cart-link\"><a class=\"wc-block-cart-link\" href=\"https:\/\/avogtil.no\/lokalt\/handlekurv\/\"><svg xmlns=\"http:\/\/www.w3.org\/2000\/svg\" fill=\"none\" class=\"wc-block-mini-cart__icon\" viewBox=\"0 0 32 32\"><path fill=\"currentColor\" fill-rule=\"evenodd\" d=\"M12.444 14.222a.89.89 0 0 1 .89.89 2.667 2.667 0 0 0 5.333 0 .889.889 0 1 1 1.777 0 4.444 4.444 0 1 1-8.888 0c0-.492.398-.89.888-.89M11.24 6.683a1 1 0 0 1 .76-.35h8a1 1 0 0 1 .76.35l4 4.666A1 1 0 0 1 24 13H8a1 1 0 0 1-.76-1.65zm1.22 1.65L10.174 11h11.652L19.54 8.333z\" clip-rule=\"evenodd\"\/><path fill=\"currentColor\" fill-rule=\"evenodd\" d=\"M7 12a1 1 0 0 1 1-1h16a1 1 0 0 1 1 1v13.333a1 1 0 0 1-1 1H8a1 1 0 0 1-1-1zm2 1v11.333h14V13z\" clip-rule=\"evenodd\"\/><\/svg><span class=\"wc-block-cart-link__text\">Handlekurv<\/span><\/a><\/div>\n\t\t<\/div>\n\t\t\n\t<\/div>\n\t\n<\/div>\n\n\n\t\n\t<div style=\"--t2-hero-dim:0.5;\" class=\"t2-hero t2-hero-content-position-center-left t2-hero-has-dim-50 alignwide wp-block-t2-hero\">\n\t\t\n\t\t<div class=\"t2-hero__header\"><div class=\"t2-hero__header__content\">\n<h1 class=\"has-text-align-left alignwide wp-block-post-title\">Vi jobber for godt\u00a0alkovett\u00a0i situasjoner der alkohol utgj\u00f8r en risiko, eller kan v\u00e6re til ulempe for en selv og andre.<\/h1>\n<\/div><\/div>\n\t<\/div>\n\n<ul class=\"t2-link-list has-3-items has-3-columns alignwide is-style-default wp-block-t2-link-list\">\n\t<li class=\"t2-link-list-item wp-block-t2-link-list-item\">\n\t\t<a\n\t\t\thref=\"#\"\n\t\t\tclass=\"t2-link-list-item__link t2-link-list__icon--below\"\n\t\t\t\t\t>\n\t\t\t\t\t\t<div class=\"t2-link-list-item__content\">\n\n\t\t\t\t\n\t\t\t\t<span id=\"link-list-item-text\" class=\"t2-link-list-item__text\">\n\t\t\t\t\tPromillekalkulator\t\t\t\t<\/span>\n\t\t\t\t<span id=\"link-list-item-description\" class=\"t2-link-list-item__description\">Her kan du f\u00e5 en indikasjon p\u00e5 hvor h\u00f8y promille du har og hvordan kroppen din p\u00e5virkes.<\/span><span class=\"t2-link-list-item__icon\" style=\"--t2-link-list-icon-size:24px;\"><span class=\"t2-link-list-item__icon-box\"><\/span><svg xmlns=\"http:\/\/www.w3.org\/2000\/svg\" viewBox=\"0 0 32 22\" height=\"24\" width=\"24\" class=\"t2-icon t2-icon-arrowforward\" aria-hidden=\"true\" focusable=\"false\"><path d=\"M32 11c0-.267-.11-.521-.293-.713L21.808.296a.993.993 0 0 0-1.414 0 1.014 1.014 0 0 0 0 1.427l8.193 8.268H1c-.552 0-1 .452-1 1.01 0 .557.448 1.008 1 1.008h27.586l-8.192 8.269a1.015 1.015 0 0 0 0 1.427.994.994 0 0 0 1.414 0l9.899-9.991c.187-.19.29-.449.293-.714\"\/><\/svg><\/span>\t\t\t<\/div>\n\t\t<\/a>\n\t<\/li>\n\t\n\n\t<li class=\"t2-link-list-item wp-block-t2-link-list-item\">\n\t\t<a\n\t\t\thref=\"#\"\n\t\t\tclass=\"t2-link-list-item__link t2-link-list__icon--below\"\n\t\t\t\t\t>\n\t\t\t\t\t\t<div class=\"t2-link-list-item__content\">\n\n\t\t\t\t\n\t\t\t\t<span id=\"link-list-item-text-1\" class=\"t2-link-list-item__text\">\n\t\t\t\t\tDrikkestatus\t\t\t\t<\/span>\n\t\t\t\t<span id=\"link-list-item-description-1\" class=\"t2-link-list-item__description\">Er du nysgjerrig p\u00e5 hvor farlig drikkevanene dine kan v\u00e6re? Ta testen og sjekk din drikkestatus.<\/span><span class=\"t2-link-list-item__icon\" style=\"--t2-link-list-icon-size:24px;\"><span class=\"t2-link-list-item__icon-box\"><\/span><svg xmlns=\"http:\/\/www.w3.org\/2000\/svg\" viewBox=\"0 0 32 22\" height=\"24\" width=\"24\" class=\"t2-icon t2-icon-arrowforward\" aria-hidden=\"true\" focusable=\"false\"><path d=\"M32 11c0-.267-.11-.521-.293-.713L21.808.296a.993.993 0 0 0-1.414 0 1.014 1.014 0 0 0 0 1.427l8.193 8.268H1c-.552 0-1 .452-1 1.01 0 .557.448 1.008 1 1.008h27.586l-8.192 8.269a1.015 1.015 0 0 0 0 1.427.994.994 0 0 0 1.414 0l9.899-9.991c.187-.19.29-.449.293-.714\"\/><\/svg><\/span>\t\t\t<\/div>\n\t\t<\/a>\n\t<\/li>\n\t\n\n\t<li class=\"t2-link-list-item wp-block-t2-link-list-item\">\n\t\t<a\n\t\t\thref=\"#\"\n\t\t\tclass=\"t2-link-list-item__link t2-link-list__icon--below\"\n\t\t\t\t\t>\n\t\t\t\t\t\t<div class=\"t2-link-list-item__content\">\n\n\t\t\t\t\n\t\t\t\t<span id=\"link-list-item-text-2\" class=\"t2-link-list-item__text\">\n\t\t\t\t\tAlkoholpraten\t\t\t\t<\/span>\n\t\t\t\t<span id=\"link-list-item-description-2\" class=\"t2-link-list-item__description\">Et verkt\u00f8y for deg som vil snakke om alkohol med noen du bryr deg om og er bekymret for.<\/span><span class=\"t2-link-list-item__icon\" style=\"--t2-link-list-icon-size:24px;\"><span class=\"t2-link-list-item__icon-box\"><\/span><svg xmlns=\"http:\/\/www.w3.org\/2000\/svg\" viewBox=\"0 0 32 22\" height=\"24\" width=\"24\" class=\"t2-icon t2-icon-arrowforward\" aria-hidden=\"true\" focusable=\"false\"><path d=\"M32 11c0-.267-.11-.521-.293-.713L21.808.296a.993.993 0 0 0-1.414 0 1.014 1.014 0 0 0 0 1.427l8.193 8.268H1c-.552 0-1 .452-1 1.01 0 .557.448 1.008 1 1.008h27.586l-8.192 8.269a1.015 1.015 0 0 0 0 1.427.994.994 0 0 0 1.414 0l9.899-9.991c.187-.19.29-.449.293-.714\"\/><\/svg><\/span>\t\t\t<\/div>\n\t\t<\/a>\n\t<\/li>\n\t\n<\/ul>\n\n\n<div class=\"wp-block-group alignfull is-style-default has-light-green-background-color has-background has-global-padding is-layout-constrained wp-block-group-is-layout-constrained\">\n<div class=\"wp-block-media-text alignwide has-media-on-the-right is-stacked-on-mobile\"><div class=\"wp-block-media-text__content\">\n<h2 class=\"wp-block-heading\" id=\"h-non-imperdiet-magna\">Non imperdiet magna<\/h2>\n\n\n\n<p class=\"is-style-default\">Orci elit fermentum nec risus ut proin feugiat montes dui. Ut id sed malesuada tellus nisi lacus ravida nisl odio ultrices odio feugiat.<\/p>\n\n\n\n<div class=\"wp-block-buttons is-layout-flex wp-block-buttons-is-layout-flex\">\n<div class=\"wp-block-button is-style-fancy\"><a class=\"wp-block-button__link wp-element-button\" style=\"border-radius:100px\">Neque arcu sit<\/a><\/div>\n<\/div>\n<\/div><figure class=\"wp-block-media-text__media\"><img loading=\"lazy\" decoding=\"async\" width=\"1024\" height=\"683\" src=\"https:\/\/avogtil.no\/content\/uploads\/sites\/2\/2025\/10\/970a4da39852cd37b7a211c7ac5d00c8e41bd1bd-1024x683.jpg\" alt=\"\" class=\"wp-image-13 size-full\" srcset=\"https:\/\/avogtil.no\/content\/uploads\/sites\/2\/2025\/10\/970a4da39852cd37b7a211c7ac5d00c8e41bd1bd-1024x683.jpg 1024w, https:\/\/avogtil.no\/content\/uploads\/sites\/2\/2025\/10\/970a4da39852cd37b7a211c7ac5d00c8e41bd1bd-300x200.jpg 300w, https:\/\/avogtil.no\/content\/uploads\/sites\/2\/2025\/10\/970a4da39852cd37b7a211c7ac5d00c8e41bd1bd-768x512.jpg 768w, https:\/\/avogtil.no\/content\/uploads\/sites\/2\/2025\/10\/970a4da39852cd37b7a211c7ac5d00c8e41bd1bd-1536x1025.jpg 1536w, https:\/\/avogtil.no\/content\/uploads\/sites\/2\/2025\/10\/970a4da39852cd37b7a211c7ac5d00c8e41bd1bd-2048x1367.jpg 2048w, https:\/\/avogtil.no\/content\/uploads\/sites\/2\/2025\/10\/970a4da39852cd37b7a211c7ac5d00c8e41bd1bd-600x400.jpg 600w\" sizes=\"auto, (max-width: 1024px) 100vw, 1024px\" \/><\/figure><\/div>\n<\/div>\n\n\n\n<div class=\"wp-block-group alignwide has-global-padding is-layout-constrained wp-block-group-is-layout-constrained\">\n<h2 class=\"wp-block-heading alignwide\" id=\"h-aktuelt\">Aktuelt<\/h2>\n\n\n<div class=\"t2-featured-content-layout alignwide alignwide wp-block-t2-featured-content-layout\" role=\"list\">\n<div class=\"t2-featured-single-post t2-featured-content is-post-type-post category-uncategorized wp-block-t2-featured-single-post\" role=\"listitem\"><a class=\"t2-post-link wp-block-t2-post-link\" href=\"https:\/\/avogtil.no\/lokalt\/hello-world\/\">\n<figure style=\"--t2-focal-point: 50% 50%;\" class=\"t2-post-featured-image has-image-ratio-3-2 wp-block-t2-post-featured-image\"><img loading=\"lazy\" decoding=\"async\" style=\"--t2-focal-point: 50% 50%;\" width=\"2560\" height=\"1440\" src=\"https:\/\/avogtil.no\/content\/uploads\/sites\/2\/2025\/11\/familie-bard-scaled.webp\" class=\"attachment-post-thumbnail size-post-thumbnail wp-post-image\" alt=\"Barn sitter p\u00e5 farens skuldre\" srcset=\"https:\/\/avogtil.no\/content\/uploads\/sites\/2\/2025\/11\/familie-bard-scaled.webp 2560w, https:\/\/avogtil.no\/content\/uploads\/sites\/2\/2025\/11\/familie-bard-300x169.webp 300w, https:\/\/avogtil.no\/content\/uploads\/sites\/2\/2025\/11\/familie-bard-1024x576.webp 1024w, https:\/\/avogtil.no\/content\/uploads\/sites\/2\/2025\/11\/familie-bard-768x432.webp 768w, https:\/\/avogtil.no\/content\/uploads\/sites\/2\/2025\/11\/familie-bard-1536x864.webp 1536w, https:\/\/avogtil.no\/content\/uploads\/sites\/2\/2025\/11\/familie-bard-2048x1152.webp 2048w, https:\/\/avogtil.no\/content\/uploads\/sites\/2\/2025\/11\/familie-bard-600x337.webp 600w\" sizes=\"auto, (max-width: 2560px) 100vw, 2560px\" \/><\/figure>\n\n<div class=\"wp-block-group alignfull post-details is-layout-flow wp-block-group-is-layout-flow\">\n\t<h2 class=\"t2-post-title wp-block-t2-post-title\">\u00c5pent tilgjengelig kommunesak 2<\/h2>\n\t\n<\/div>\n\n<\/a>\n<\/div>\n\n<div class=\"t2-featured-single-post t2-featured-content is-post-type-page wp-block-t2-featured-single-post\" role=\"listitem\"><a class=\"t2-post-link wp-block-t2-post-link\" href=\"https:\/\/avogtil.no\/lokalt\/20-ars-jubileum\/\">\n<figure style=\"--t2-focal-point: 50% 50%;\" class=\"t2-post-featured-image has-image-ratio-3-2 wp-block-t2-post-featured-image\"><img loading=\"lazy\" decoding=\"async\" style=\"--t2-focal-point: 50% 50%;\" width=\"1620\" height=\"978\" src=\"https:\/\/avogtil.no\/content\/uploads\/sites\/2\/2026\/02\/energikonferanse-21.jpg\" class=\"attachment-post-thumbnail size-post-thumbnail wp-post-image\" alt=\"\" srcset=\"https:\/\/avogtil.no\/content\/uploads\/sites\/2\/2026\/02\/energikonferanse-21.jpg 1620w, https:\/\/avogtil.no\/content\/uploads\/sites\/2\/2026\/02\/energikonferanse-21-300x181.jpg 300w, https:\/\/avogtil.no\/content\/uploads\/sites\/2\/2026\/02\/energikonferanse-21-1024x618.jpg 1024w, https:\/\/avogtil.no\/content\/uploads\/sites\/2\/2026\/02\/energikonferanse-21-768x464.jpg 768w, https:\/\/avogtil.no\/content\/uploads\/sites\/2\/2026\/02\/energikonferanse-21-1536x927.jpg 1536w, https:\/\/avogtil.no\/content\/uploads\/sites\/2\/2026\/02\/energikonferanse-21-600x362.jpg 600w\" sizes=\"auto, (max-width: 1620px) 100vw, 1620px\" \/><\/figure>\n\n<div class=\"wp-block-group alignfull post-details is-layout-flow wp-block-group-is-layout-flow\">\n\t<h2 class=\"t2-post-title wp-block-t2-post-title\">20 \u00e5r med alkovett i lokalsamfunnet<\/h2>\n<\/div>\n\n<\/a>\n<\/div>\n\n<div class=\"t2-featured-single-post t2-featured-content is-post-type-page wp-block-t2-featured-single-post\" role=\"listitem\"><a class=\"t2-post-link wp-block-t2-post-link\" href=\"https:\/\/avogtil.no\/lokalt\/min-side\/\">\n<figure class=\"t2-post-featured-image has-image-ratio-3-2 wp-block-t2-post-featured-image\"><img decoding=\"async\" src=\"https:\/\/avogtil.no\/content\/themes\/avogtil-theme\/assets\/images\/featured-image-fallback.svg\" alt=\"\" loading=\"lazy\" \/><\/figure>\n\n<div class=\"wp-block-group alignfull post-details is-layout-flow wp-block-group-is-layout-flow\">\n\t<h2 class=\"t2-post-title wp-block-t2-post-title\">Min side<\/h2>\n<\/div>\n\n<\/a>\n<\/div>\n<\/div><\/div>\n","protected":false},"excerpt":{"rendered":"<p>Hjem Logg inn Handlekurv Non imperdiet magna Orci elit fermentum nec risus ut proin feugiat montes dui. Ut id sed [&hellip;]<\/p>\n","protected":false},"author":1,"featured_media":0,"parent":0,"menu_order":0,"comment_status":"closed","ping_status":"closed","template":"","meta":{"_acf_changed":false,"t2_hide_was_this_helpful":true,"page_is_public":true,"footnotes":""},"class_list":["post-10","page","type-page","status-publish","hentry"],"acf":[],"yoast_head":"<!-- This site is optimized with the Yoast SEO Premium plugin v26.9 (Yoast SEO v26.9) - https:\/\/yoast.com\/product\/yoast-seo-premium-wordpress\/ -->\n<title>Vi jobber for godt\u00a0alkovett\u00a0i situasjoner der alkohol utgj\u00f8r en risiko, eller kan v\u00e6re til ulempe for en selv og andre. - Av-og-til lokalt<\/title>\n<meta name=\"robots\" content=\"index, follow, max-snippet:-1, max-image-preview:large, max-video-preview:-1\" \/>\n<link rel=\"canonical\" href=\"https:\/\/avogtil.no\/lokalt\/vi-jobber-for-godt-alkovett-i-situasjoner-der-alkohol-utgjor-en-risiko-eller-kan-vaere-til-ulempe-for-en-selv-og-andre\/\" \/>\n<meta property=\"og:locale\" content=\"nb_NO\" \/>\n<meta property=\"og:type\" content=\"article\" \/>\n<meta property=\"og:title\" content=\"Vi jobber for godt\u00a0alkovett\u00a0i situasjoner der alkohol utgj\u00f8r en risiko, eller kan v\u00e6re til ulempe for en selv og andre.\" \/>\n<meta property=\"og:description\" content=\"Hjem Logg inn Handlekurv Non imperdiet magna Orci elit fermentum nec risus ut proin feugiat montes dui. Ut id sed [&hellip;]\" \/>\n<meta property=\"og:url\" content=\"https:\/\/avogtil.no\/lokalt\/vi-jobber-for-godt-alkovett-i-situasjoner-der-alkohol-utgjor-en-risiko-eller-kan-vaere-til-ulempe-for-en-selv-og-andre\/\" \/>\n<meta property=\"og:site_name\" content=\"Av-og-til lokalt\" \/>\n<meta property=\"article:modified_time\" content=\"2025-10-30T09:21:26+00:00\" \/>\n<meta property=\"og:image\" content=\"https:\/\/avogtil.no\/content\/uploads\/sites\/2\/2025\/10\/970a4da39852cd37b7a211c7ac5d00c8e41bd1bd.jpg\" \/>\n\t<meta property=\"og:image:width\" content=\"2119\" \/>\n\t<meta property=\"og:image:height\" content=\"1414\" \/>\n\t<meta property=\"og:image:type\" content=\"image\/jpeg\" \/>\n<meta name=\"twitter:card\" content=\"summary_large_image\" \/>\n<meta name=\"twitter:label1\" content=\"Ansl. lesetid\" \/>\n\t<meta name=\"twitter:data1\" content=\"1 minutt\" \/>\n<script type=\"application\/ld+json\" class=\"yoast-schema-graph\">{\"@context\":\"https:\/\/schema.org\",\"@graph\":[{\"@type\":\"WebPage\",\"@id\":\"https:\/\/avogtil.no\/lokalt\/vi-jobber-for-godt-alkovett-i-situasjoner-der-alkohol-utgjor-en-risiko-eller-kan-vaere-til-ulempe-for-en-selv-og-andre\/\",\"url\":\"https:\/\/avogtil.no\/lokalt\/vi-jobber-for-godt-alkovett-i-situasjoner-der-alkohol-utgjor-en-risiko-eller-kan-vaere-til-ulempe-for-en-selv-og-andre\/\",\"name\":\"Vi jobber for godt\u00a0alkovett\u00a0i situasjoner der alkohol utgj\u00f8r en risiko, eller kan v\u00e6re til ulempe for en selv og andre. - Av-og-til lokalt\",\"isPartOf\":{\"@id\":\"https:\/\/avogtil.no\/lokalt\/#website\"},\"primaryImageOfPage\":{\"@id\":\"https:\/\/avogtil.no\/lokalt\/vi-jobber-for-godt-alkovett-i-situasjoner-der-alkohol-utgjor-en-risiko-eller-kan-vaere-til-ulempe-for-en-selv-og-andre\/#primaryimage\"},\"image\":{\"@id\":\"https:\/\/avogtil.no\/lokalt\/vi-jobber-for-godt-alkovett-i-situasjoner-der-alkohol-utgjor-en-risiko-eller-kan-vaere-til-ulempe-for-en-selv-og-andre\/#primaryimage\"},\"thumbnailUrl\":\"https:\/\/avogtil.no\/content\/uploads\/sites\/2\/2025\/10\/970a4da39852cd37b7a211c7ac5d00c8e41bd1bd-1024x683.jpg\",\"datePublished\":\"2025-10-09T08:15:25+00:00\",\"dateModified\":\"2025-10-30T09:21:26+00:00\",\"breadcrumb\":{\"@id\":\"https:\/\/avogtil.no\/lokalt\/vi-jobber-for-godt-alkovett-i-situasjoner-der-alkohol-utgjor-en-risiko-eller-kan-vaere-til-ulempe-for-en-selv-og-andre\/#breadcrumb\"},\"inLanguage\":\"nb-NO\",\"potentialAction\":[{\"@type\":\"ReadAction\",\"target\":[\"https:\/\/avogtil.no\/lokalt\/vi-jobber-for-godt-alkovett-i-situasjoner-der-alkohol-utgjor-en-risiko-eller-kan-vaere-til-ulempe-for-en-selv-og-andre\/\"]}]},{\"@type\":\"ImageObject\",\"inLanguage\":\"nb-NO\",\"@id\":\"https:\/\/avogtil.no\/lokalt\/vi-jobber-for-godt-alkovett-i-situasjoner-der-alkohol-utgjor-en-risiko-eller-kan-vaere-til-ulempe-for-en-selv-og-andre\/#primaryimage\",\"url\":\"https:\/\/avogtil.no\/content\/uploads\/sites\/2\/2025\/10\/970a4da39852cd37b7a211c7ac5d00c8e41bd1bd-1024x683.jpg\",\"contentUrl\":\"https:\/\/avogtil.no\/content\/uploads\/sites\/2\/2025\/10\/970a4da39852cd37b7a211c7ac5d00c8e41bd1bd-1024x683.jpg\"},{\"@type\":\"BreadcrumbList\",\"@id\":\"https:\/\/avogtil.no\/lokalt\/vi-jobber-for-godt-alkovett-i-situasjoner-der-alkohol-utgjor-en-risiko-eller-kan-vaere-til-ulempe-for-en-selv-og-andre\/#breadcrumb\",\"itemListElement\":[{\"@type\":\"ListItem\",\"position\":1,\"name\":\"Hjem\",\"item\":\"https:\/\/avogtil.no\/lokalt\/\"},{\"@type\":\"ListItem\",\"position\":2,\"name\":\"Vi jobber for godt\u00a0alkovett\u00a0i situasjoner der alkohol utgj\u00f8r en risiko, eller kan v\u00e6re til ulempe for en selv og andre.\"}]},{\"@type\":\"WebSite\",\"@id\":\"https:\/\/avogtil.no\/lokalt\/#website\",\"url\":\"https:\/\/avogtil.no\/lokalt\/\",\"name\":\"Avogtil nettbutikk\",\"description\":\"\",\"publisher\":{\"@id\":\"https:\/\/avogtil.no\/lokalt\/#organization\"},\"potentialAction\":[{\"@type\":\"SearchAction\",\"target\":{\"@type\":\"EntryPoint\",\"urlTemplate\":\"https:\/\/avogtil.no\/lokalt\/?s={search_term_string}\"},\"query-input\":{\"@type\":\"PropertyValueSpecification\",\"valueRequired\":true,\"valueName\":\"search_term_string\"}}],\"inLanguage\":\"nb-NO\"},{\"@type\":\"Organization\",\"@id\":\"https:\/\/avogtil.no\/lokalt\/#organization\",\"name\":\"Avogtil nettbutikk\",\"url\":\"https:\/\/avogtil.no\/lokalt\/\",\"logo\":{\"@type\":\"ImageObject\",\"inLanguage\":\"nb-NO\",\"@id\":\"https:\/\/avogtil.no\/lokalt\/#\/schema\/logo\/image\/\",\"url\":\"https:\/\/avogtil.no\/content\/uploads\/sites\/2\/2025\/10\/avogtil-logo.svg\",\"contentUrl\":\"https:\/\/avogtil.no\/content\/uploads\/sites\/2\/2025\/10\/avogtil-logo.svg\",\"caption\":\"Avogtil nettbutikk\"},\"image\":{\"@id\":\"https:\/\/avogtil.no\/lokalt\/#\/schema\/logo\/image\/\"}}]}<\/script>\n<!-- \/ Yoast SEO Premium plugin. -->","yoast_head_json":{"title":"Vi jobber for godt\u00a0alkovett\u00a0i situasjoner der alkohol utgj\u00f8r en risiko, eller kan v\u00e6re til ulempe for en selv og andre. - Av-og-til lokalt","robots":{"index":"index","follow":"follow","max-snippet":"max-snippet:-1","max-image-preview":"max-image-preview:large","max-video-preview":"max-video-preview:-1"},"canonical":"https:\/\/avogtil.no\/lokalt\/vi-jobber-for-godt-alkovett-i-situasjoner-der-alkohol-utgjor-en-risiko-eller-kan-vaere-til-ulempe-for-en-selv-og-andre\/","og_locale":"nb_NO","og_type":"article","og_title":"Vi jobber for godt\u00a0alkovett\u00a0i situasjoner der alkohol utgj\u00f8r en risiko, eller kan v\u00e6re til ulempe for en selv og andre.","og_description":"Hjem Logg inn Handlekurv Non imperdiet magna Orci elit fermentum nec risus ut proin feugiat montes dui. Ut id sed [&hellip;]","og_url":"https:\/\/avogtil.no\/lokalt\/vi-jobber-for-godt-alkovett-i-situasjoner-der-alkohol-utgjor-en-risiko-eller-kan-vaere-til-ulempe-for-en-selv-og-andre\/","og_site_name":"Av-og-til lokalt","article_modified_time":"2025-10-30T09:21:26+00:00","og_image":[{"width":2119,"height":1414,"url":"https:\/\/avogtil.no\/content\/uploads\/sites\/2\/2025\/10\/970a4da39852cd37b7a211c7ac5d00c8e41bd1bd.jpg","type":"image\/jpeg"}],"twitter_card":"summary_large_image","twitter_misc":{"Ansl. lesetid":"1 minutt"},"schema":{"@context":"https:\/\/schema.org","@graph":[{"@type":"WebPage","@id":"https:\/\/avogtil.no\/lokalt\/vi-jobber-for-godt-alkovett-i-situasjoner-der-alkohol-utgjor-en-risiko-eller-kan-vaere-til-ulempe-for-en-selv-og-andre\/","url":"https:\/\/avogtil.no\/lokalt\/vi-jobber-for-godt-alkovett-i-situasjoner-der-alkohol-utgjor-en-risiko-eller-kan-vaere-til-ulempe-for-en-selv-og-andre\/","name":"Vi jobber for godt\u00a0alkovett\u00a0i situasjoner der alkohol utgj\u00f8r en risiko, eller kan v\u00e6re til ulempe for en selv og andre. - Av-og-til lokalt","isPartOf":{"@id":"https:\/\/avogtil.no\/lokalt\/#website"},"primaryImageOfPage":{"@id":"https:\/\/avogtil.no\/lokalt\/vi-jobber-for-godt-alkovett-i-situasjoner-der-alkohol-utgjor-en-risiko-eller-kan-vaere-til-ulempe-for-en-selv-og-andre\/#primaryimage"},"image":{"@id":"https:\/\/avogtil.no\/lokalt\/vi-jobber-for-godt-alkovett-i-situasjoner-der-alkohol-utgjor-en-risiko-eller-kan-vaere-til-ulempe-for-en-selv-og-andre\/#primaryimage"},"thumbnailUrl":"https:\/\/avogtil.no\/content\/uploads\/sites\/2\/2025\/10\/970a4da39852cd37b7a211c7ac5d00c8e41bd1bd-1024x683.jpg","datePublished":"2025-10-09T08:15:25+00:00","dateModified":"2025-10-30T09:21:26+00:00","breadcrumb":{"@id":"https:\/\/avogtil.no\/lokalt\/vi-jobber-for-godt-alkovett-i-situasjoner-der-alkohol-utgjor-en-risiko-eller-kan-vaere-til-ulempe-for-en-selv-og-andre\/#breadcrumb"},"inLanguage":"nb-NO","potentialAction":[{"@type":"ReadAction","target":["https:\/\/avogtil.no\/lokalt\/vi-jobber-for-godt-alkovett-i-situasjoner-der-alkohol-utgjor-en-risiko-eller-kan-vaere-til-ulempe-for-en-selv-og-andre\/"]}]},{"@type":"ImageObject","inLanguage":"nb-NO","@id":"https:\/\/avogtil.no\/lokalt\/vi-jobber-for-godt-alkovett-i-situasjoner-der-alkohol-utgjor-en-risiko-eller-kan-vaere-til-ulempe-for-en-selv-og-andre\/#primaryimage","url":"https:\/\/avogtil.no\/content\/uploads\/sites\/2\/2025\/10\/970a4da39852cd37b7a211c7ac5d00c8e41bd1bd-1024x683.jpg","contentUrl":"https:\/\/avogtil.no\/content\/uploads\/sites\/2\/2025\/10\/970a4da39852cd37b7a211c7ac5d00c8e41bd1bd-1024x683.jpg"},{"@type":"BreadcrumbList","@id":"https:\/\/avogtil.no\/lokalt\/vi-jobber-for-godt-alkovett-i-situasjoner-der-alkohol-utgjor-en-risiko-eller-kan-vaere-til-ulempe-for-en-selv-og-andre\/#breadcrumb","itemListElement":[{"@type":"ListItem","position":1,"name":"Hjem","item":"https:\/\/avogtil.no\/lokalt\/"},{"@type":"ListItem","position":2,"name":"Vi jobber for godt\u00a0alkovett\u00a0i situasjoner der alkohol utgj\u00f8r en risiko, eller kan v\u00e6re til ulempe for en selv og andre."}]},{"@type":"WebSite","@id":"https:\/\/avogtil.no\/lokalt\/#website","url":"https:\/\/avogtil.no\/lokalt\/","name":"Avogtil nettbutikk","description":"","publisher":{"@id":"https:\/\/avogtil.no\/lokalt\/#organization"},"potentialAction":[{"@type":"SearchAction","target":{"@type":"EntryPoint","urlTemplate":"https:\/\/avogtil.no\/lokalt\/?s={search_term_string}"},"query-input":{"@type":"PropertyValueSpecification","valueRequired":true,"valueName":"search_term_string"}}],"inLanguage":"nb-NO"},{"@type":"Organization","@id":"https:\/\/avogtil.no\/lokalt\/#organization","name":"Avogtil nettbutikk","url":"https:\/\/avogtil.no\/lokalt\/","logo":{"@type":"ImageObject","inLanguage":"nb-NO","@id":"https:\/\/avogtil.no\/lokalt\/#\/schema\/logo\/image\/","url":"https:\/\/avogtil.no\/content\/uploads\/sites\/2\/2025\/10\/avogtil-logo.svg","contentUrl":"https:\/\/avogtil.no\/content\/uploads\/sites\/2\/2025\/10\/avogtil-logo.svg","caption":"Avogtil nettbutikk"},"image":{"@id":"https:\/\/avogtil.no\/lokalt\/#\/schema\/logo\/image\/"}}]}},"_links":{"self":[{"href":"https:\/\/avogtil.no\/lokalt\/wp-json\/wp\/v2\/pages\/10","targetHints":{"allow":["GET"]}}],"collection":[{"href":"https:\/\/avogtil.no\/lokalt\/wp-json\/wp\/v2\/pages"}],"about":[{"href":"https:\/\/avogtil.no\/lokalt\/wp-json\/wp\/v2\/types\/page"}],"author":[{"embeddable":true,"href":"https:\/\/avogtil.no\/lokalt\/wp-json\/wp\/v2\/users\/1"}],"replies":[{"embeddable":true,"href":"https:\/\/avogtil.no\/lokalt\/wp-json\/wp\/v2\/comments?post=10"}],"version-history":[{"count":3,"href":"https:\/\/avogtil.no\/lokalt\/wp-json\/wp\/v2\/pages\/10\/revisions"}],"predecessor-version":[{"id":91,"href":"https:\/\/avogtil.no\/lokalt\/wp-json\/wp\/v2\/pages\/10\/revisions\/91"}],"wp:attachment":[{"href":"https:\/\/avogtil.no\/lokalt\/wp-json\/wp\/v2\/media?parent=10"}],"curies":[{"name":"wp","href":"https:\/\/api.w.org\/{rel}","templated":true}]}}